{"id":1202,"date":"2024-03-25T12:41:25","date_gmt":"2024-03-25T12:41:25","guid":{"rendered":"https:\/\/www.eloun.cz\/?page_id=1202"},"modified":"2024-03-25T20:25:57","modified_gmt":"2024-03-25T20:25:57","slug":"zalozeni-a-prizvani-podnikatele","status":"publish","type":"page","link":"https:\/\/www.eloun.cz\/?page_id=1202","title":{"rendered":"Zalo\u017een\u00ed a p\u0159izv\u00e1n\u00ed podnikatele"},"content":{"rendered":"<div  class='flex_column av-82cp82-e65db95f1ce82ed3dcf09529cfbaaf12 av_one_fourth  avia-builder-el-0  el_before_av_three_fourth  avia-builder-el-first  first flex_column_div  '     ><div  class='avia-builder-widget-area clearfix  avia-builder-el-1  avia-builder-el-no-sibling '><section id=\"nav_menu-3\" class=\"widget clearfix widget_nav_menu\"><div class=\"menu-submenu-container\"><ul id=\"menu-submenu\" class=\"menu\"><li id=\"menu-item-1169\" class=\"menu-item menu-item-type-post_type menu-item-object-page menu-item-1169\"><a href=\"https:\/\/www.eloun.cz\/?page_id=1163\">Prost\u0159edn\u00ed\u010dek \u2013 pro p\u0159ed\u00e1v\u00e1n\u00ed doklad\u016f emailem<\/a><\/li>\n<li id=\"menu-item-1187\" class=\"menu-item menu-item-type-post_type menu-item-object-page menu-item-1187\"><a href=\"https:\/\/www.eloun.cz\/?page_id=1183\">Jak za\u010d\u00edt s Docare<\/a><\/li>\n<li id=\"menu-item-1228\" class=\"menu-item menu-item-type-post_type menu-item-object-page menu-item-1228\"><a href=\"https:\/\/www.eloun.cz\/?page_id=1198\">Stru\u010dn\u00fd pr\u016fvodce syst\u00e9mem<\/a><\/li>\n<li id=\"menu-item-1229\" class=\"menu-item menu-item-type-post_type menu-item-object-page menu-item-1229\"><a href=\"https:\/\/www.eloun.cz\/?page_id=1200\">Registrace \u00fa\u010detn\u00ed (p\u0159\u00edjemce doklad\u016f)<\/a><\/li>\n<li id=\"menu-item-1230\" class=\"menu-item menu-item-type-post_type menu-item-object-page menu-item-1230\"><a href=\"https:\/\/www.eloun.cz\/?page_id=1202\">Zalo\u017een\u00ed a p\u0159izv\u00e1n\u00ed podnikatele<\/a><\/li>\n<li id=\"menu-item-1231\" class=\"menu-item menu-item-type-post_type menu-item-object-page menu-item-1231\"><a href=\"https:\/\/www.eloun.cz\/?page_id=1206\">Pou\u017e\u00edv\u00e1n\u00ed mobiln\u00ed aplikace podnikatelem (odes\u00edlatel doklad\u016f)<\/a><\/li>\n<li id=\"menu-item-1232\" class=\"menu-item menu-item-type-post_type menu-item-object-page menu-item-1232\"><a href=\"https:\/\/www.eloun.cz\/?page_id=1219\">Zpracov\u00e1v\u00e1n\u00ed p\u0159ijat\u00fdch doklad\u016f<\/a><\/li>\n<li id=\"menu-item-1233\" class=\"menu-item menu-item-type-post_type menu-item-object-page menu-item-1233\"><a href=\"https:\/\/www.eloun.cz\/?page_id=1224\">Dal\u0161\u00ed mo\u017enosti syst\u00e9mu Docare a aplikace PORTEER<\/a><\/li>\n<li id=\"menu-item-1234\" class=\"menu-item menu-item-type-post_type menu-item-object-page menu-item-1234\"><a href=\"https:\/\/www.eloun.cz\/?page_id=1226\">P\u0159edplatn\u00e9 a zku\u0161ebn\u00ed doba<\/a><\/li>\n<\/ul><\/div><span class=\"seperator extralight-border\"><\/span><\/section><\/div><\/div>\n<div  class='flex_column av-3l8dhu-eb71a3aaa9632003ea8482cae1cf7e94 av_three_fourth  avia-builder-el-2  el_after_av_one_fourth  avia-builder-el-last  flex_column_div  '     ><p>\n<style type=\"text\/css\" data-created_by=\"avia_inline_auto\" id=\"style-css-av-lu6x85wc-d7af1b762dbcc485fede0b318635a6c9\">\n#top .av-special-heading.av-lu6x85wc-d7af1b762dbcc485fede0b318635a6c9{\npadding-bottom:10px;\n}\nbody .av-special-heading.av-lu6x85wc-d7af1b762dbcc485fede0b318635a6c9 .av-special-heading-tag .heading-char{\nfont-size:25px;\n}\n.av-special-heading.av-lu6x85wc-d7af1b762dbcc485fede0b318635a6c9 .av-subheading{\nfont-size:15px;\n}\n<\/style>\n<div  class='av-special-heading av-lu6x85wc-d7af1b762dbcc485fede0b318635a6c9 av-special-heading-h3 blockquote modern-quote  avia-builder-el-3  el_before_av_textblock  avia-builder-el-first '><h3 class='av-special-heading-tag'  itemprop=\"headline\"  >Zalo\u017een\u00ed a p\u0159izv\u00e1n\u00ed podnikatele<\/h3><div class=\"special-heading-border\"><div class=\"special-heading-inner-border\"><\/div><\/div><\/div><br \/>\n<section  class='av_textblock_section av-lu6xr9rr-1044a132af200c60859d1430c1b04347 '   itemscope=\"itemscope\" itemtype=\"https:\/\/schema.org\/CreativeWork\" ><div class='avia_textblock'  itemprop=\"text\" ><p>Pokud jste se \u00fasp\u011b\u0161n\u011b registrovali do syst\u00e9mu Docare, je nejvy\u0161\u0161\u00ed \u010das pozvat do syst\u00e9mu podnikatele, kter\u00fd V\u00e1m bude p\u0159ed\u00e1vat doklady. Na konci tohoto \u010dl\u00e1nku budete m\u00edt v syst\u00e9mu vytvo\u0159en\u00fd Subjekt, co\u017e je fyzick\u00e1 nebo pr\u00e1vnick\u00e1 osoba, kter\u00e1 je vlastn\u00edkem doklad\u016f p\u0159ed\u00e1van\u00fdch syst\u00e9mem. D\u00e1le vytvo\u0159\u00edme a pozveme do syst\u00e9mu u\u017eivatele v roli Odes\u00edlatel, kter\u00fd m\u00e1 pr\u00e1vo prost\u0159ednictv\u00edm mobiln\u00ed aplikace pos\u00edlat do syst\u00e9mu doklady a p\u0159i\u0159azovat je k jeho subjekt\u016fm.<\/p>\n<\/div><\/section><br \/>\n\n<style type=\"text\/css\" data-created_by=\"avia_inline_auto\" id=\"style-css-av-lu6xrnfq-54996b2013d73077de92d9f3c42392f0\">\n#top .av-special-heading.av-lu6xrnfq-54996b2013d73077de92d9f3c42392f0{\npadding-bottom:10px;\n}\nbody .av-special-heading.av-lu6xrnfq-54996b2013d73077de92d9f3c42392f0 .av-special-heading-tag .heading-char{\nfont-size:25px;\n}\n.av-special-heading.av-lu6xrnfq-54996b2013d73077de92d9f3c42392f0 .av-subheading{\nfont-size:15px;\n}\n<\/style>\n<div  class='av-special-heading av-lu6xrnfq-54996b2013d73077de92d9f3c42392f0 av-special-heading-h4 blockquote modern-quote  avia-builder-el-5  el_after_av_textblock  el_before_av_textblock '><h4 class='av-special-heading-tag'  itemprop=\"headline\"  >Vytvo\u0159en\u00ed subjektu<\/h4><div class=\"special-heading-border\"><div class=\"special-heading-inner-border\"><\/div><\/div><\/div><br \/>\n<section  class='av_textblock_section av-lu6xs42b-285a62e5e4d8c77770015d29add2782d '   itemscope=\"itemscope\" itemtype=\"https:\/\/schema.org\/CreativeWork\" ><div class='avia_textblock'  itemprop=\"text\" ><p>Subjekt je fyzick\u00e1 nebo pr\u00e1vnick\u00e1 osoba, kter\u00e1 m\u00e1 p\u0159id\u011blen\u00e9 I\u010cO a jejich\u017e u\u017eivatel\u00e9 budou p\u0159ed\u00e1vat m\u00edt pr\u00e1vo pos\u00edlat doklady do syst\u00e9mu.<\/p>\n<p>Po p\u0159ihl\u00e1\u0161en\u00ed do aplikace zvolte na n\u00e1st\u011bnce nebo v nab\u00eddce <strong>Subjekty<\/strong> mo\u017enost <strong>P\u0159idat nov\u00fd subjekt<\/strong>.<\/p>\n<\/div><\/section><br \/>\n\n<style type=\"text\/css\" data-created_by=\"avia_inline_auto\" id=\"style-css-av-lu6xsgbf-703feabf8ddea4291da84fdc0875a51f\">\n.avia-image-container.av-lu6xsgbf-703feabf8ddea4291da84fdc0875a51f img.avia_image{\nbox-shadow:none;\n}\n.avia-image-container.av-lu6xsgbf-703feabf8ddea4291da84fdc0875a51f .av-image-caption-overlay-center{\ncolor:#ffffff;\n}\n<\/style>\n<div  class='avia-image-container av-lu6xsgbf-703feabf8ddea4291da84fdc0875a51f av-styling- avia-align-center  avia-builder-el-7  el_after_av_textblock  el_before_av_textblock '   itemprop=\"image\" itemscope=\"itemscope\" itemtype=\"https:\/\/schema.org\/ImageObject\" ><div class=\"avia-image-container-inner\"><div class=\"avia-image-overlay-wrap\"><img decoding=\"async\" fetchpriority=\"high\" class='wp-image-1134 avia-img-lazy-loading-not-1134 avia_image ' src=\"https:\/\/www.eloun.cz\/wp-content\/uploads\/2024\/03\/mceclip7.png\" alt='' title='mceclip7'  height=\"850\" width=\"919\"  itemprop=\"thumbnailUrl\" srcset=\"https:\/\/www.eloun.cz\/wp-content\/uploads\/2024\/03\/mceclip7.png 919w, https:\/\/www.eloun.cz\/wp-content\/uploads\/2024\/03\/mceclip7-300x277.png 300w, https:\/\/www.eloun.cz\/wp-content\/uploads\/2024\/03\/mceclip7-768x710.png 768w, https:\/\/www.eloun.cz\/wp-content\/uploads\/2024\/03\/mceclip7-705x652.png 705w\" sizes=\"(max-width: 919px) 100vw, 919px\" \/><\/div><\/div><\/div><br \/>\n<section  class='av_textblock_section av-lu73mb8g-6116fee6c40d6ce6f0d011ea96451b62 '   itemscope=\"itemscope\" itemtype=\"https:\/\/schema.org\/CreativeWork\" ><div class='avia_textblock'  itemprop=\"text\" ><p>Vypl\u0148te v\u0161echna pole formul\u00e1\u0159e a ulo\u017ete data pomoc\u00ed tla\u010d\u00edtka <strong>Ulo\u017eit<\/strong>. Pokud jste zat\u00edm nepozvali \u017e\u00e1dn\u00e9ho u\u017eivatele do syst\u00e9mu, m\u016f\u017eete prozat\u00edm nechat pole <strong>U\u017eivatel\u00e9<\/strong> pr\u00e1zdn\u00e9.<\/p>\n<\/div><\/section><br \/>\n\n<style type=\"text\/css\" data-created_by=\"avia_inline_auto\" id=\"style-css-av-lu73qjj9-94acca2364528e50915ce9cc98daf027\">\n.avia-image-container.av-lu73qjj9-94acca2364528e50915ce9cc98daf027 img.avia_image{\nbox-shadow:none;\n}\n.avia-image-container.av-lu73qjj9-94acca2364528e50915ce9cc98daf027 .av-image-caption-overlay-center{\ncolor:#ffffff;\n}\n<\/style>\n<div  class='avia-image-container av-lu73qjj9-94acca2364528e50915ce9cc98daf027 av-styling- avia-align-center  avia-builder-el-9  el_after_av_textblock  el_before_av_textblock '   itemprop=\"image\" itemscope=\"itemscope\" itemtype=\"https:\/\/schema.org\/ImageObject\" ><div class=\"avia-image-container-inner\"><div class=\"avia-image-overlay-wrap\"><img decoding=\"async\" fetchpriority=\"high\" class='wp-image-1135 avia-img-lazy-loading-not-1135 avia_image ' src=\"https:\/\/www.eloun.cz\/wp-content\/uploads\/2024\/03\/mceclip8.png\" alt='' title='mceclip8'  height=\"879\" width=\"758\"  itemprop=\"thumbnailUrl\" srcset=\"https:\/\/www.eloun.cz\/wp-content\/uploads\/2024\/03\/mceclip8.png 758w, https:\/\/www.eloun.cz\/wp-content\/uploads\/2024\/03\/mceclip8-259x300.png 259w, https:\/\/www.eloun.cz\/wp-content\/uploads\/2024\/03\/mceclip8-608x705.png 608w\" sizes=\"(max-width: 758px) 100vw, 758px\" \/><\/div><\/div><\/div><br \/>\n<section  class='av_textblock_section av-lu73n58d-a85b1db6b2c493483b4faf28ec2915cf '   itemscope=\"itemscope\" itemtype=\"https:\/\/schema.org\/CreativeWork\" ><div class='avia_textblock'  itemprop=\"text\" ><p style=\"text-align: center;\"><em>Upozor\u0148ujeme, \u017ee spr\u00e1va ka\u017ed\u00e9ho subjektu m\u016f\u017ee b\u00fdt v syst\u00e9mu zpoplatn\u011bna.<\/em><\/p>\n<\/div><\/section><br \/>\n<section  class='av_textblock_section av-lu7e6i5g-5597b3f2252bb391d39157ff681b7b09 '   itemscope=\"itemscope\" itemtype=\"https:\/\/schema.org\/CreativeWork\" ><div class='avia_textblock'  itemprop=\"text\" ><p>Pokud jste ulo\u017eili informace k nov\u00e9mu subjektu, pak se poj\u010fme pod\u00edvat, jak p\u0159izvete u\u017eivatele, kter\u00fd m\u016f\u017ee vkl\u00e1dat a pos\u00edlat doklady do syst\u00e9mu.<\/p>\n<\/div><\/section><br \/>\n\n<style type=\"text\/css\" data-created_by=\"avia_inline_auto\" id=\"style-css-av-lu73nmh7-85083f2a550e1cef8da8c7fe23ca9c30\">\n#top .av-special-heading.av-lu73nmh7-85083f2a550e1cef8da8c7fe23ca9c30{\npadding-bottom:10px;\n}\nbody .av-special-heading.av-lu73nmh7-85083f2a550e1cef8da8c7fe23ca9c30 .av-special-heading-tag .heading-char{\nfont-size:25px;\n}\n.av-special-heading.av-lu73nmh7-85083f2a550e1cef8da8c7fe23ca9c30 .av-subheading{\nfont-size:15px;\n}\n<\/style>\n<div  id=\"pozvani\"  class='av-special-heading av-lu73nmh7-85083f2a550e1cef8da8c7fe23ca9c30 av-special-heading-h4 blockquote modern-quote  avia-builder-el-12  el_after_av_textblock  el_before_av_textblock '><h4 class='av-special-heading-tag'  itemprop=\"headline\"  >Pozv\u00e1n\u00ed nov\u00e9ho u\u017eivatele<\/h4><div class=\"special-heading-border\"><div class=\"special-heading-inner-border\"><\/div><\/div><\/div><br \/>\n<section  class='av_textblock_section av-lu73o583-253fbd74858f665349a96e71d5c9e098 '   itemscope=\"itemscope\" itemtype=\"https:\/\/schema.org\/CreativeWork\" ><div class='avia_textblock'  itemprop=\"text\" ><p>Pomoc\u00ed mobiln\u00ed aplikace mohou do syst\u00e9mu vkl\u00e1dat doklady pouze registrovan\u00ed u\u017eivatel\u00e9. Nov\u00e9ho u\u017eivatele v roli Odes\u00edlatel m\u00e1 pr\u00e1vo p\u0159idat do syst\u00e9mu u\u017eivatel v roli \u00da\u010detn\u00ed. V nab\u00eddce <strong>U\u017eivatel\u00e9<\/strong> zvolte mo\u017enost <strong>Pozvat nov\u00e9ho u\u017eivatele<\/strong>.<\/p>\n<\/div><\/section><br \/>\n\n<style type=\"text\/css\" data-created_by=\"avia_inline_auto\" id=\"style-css-av-lu73r2pi-ef21153265b8479f672ab304cca6fdad\">\n.avia-image-container.av-lu73r2pi-ef21153265b8479f672ab304cca6fdad img.avia_image{\nbox-shadow:none;\n}\n.avia-image-container.av-lu73r2pi-ef21153265b8479f672ab304cca6fdad .av-image-caption-overlay-center{\ncolor:#ffffff;\n}\n<\/style>\n<div  class='avia-image-container av-lu73r2pi-ef21153265b8479f672ab304cca6fdad av-styling- avia-align-center  avia-builder-el-14  el_after_av_textblock  el_before_av_textblock '   itemprop=\"image\" itemscope=\"itemscope\" itemtype=\"https:\/\/schema.org\/ImageObject\" ><div class=\"avia-image-container-inner\"><div class=\"avia-image-overlay-wrap\"><img decoding=\"async\" fetchpriority=\"high\" class='wp-image-1133 avia-img-lazy-loading-not-1133 avia_image ' src=\"https:\/\/www.eloun.cz\/wp-content\/uploads\/2024\/03\/mceclip6.png\" alt='' title='mceclip6'  height=\"461\" width=\"670\"  itemprop=\"thumbnailUrl\" srcset=\"https:\/\/www.eloun.cz\/wp-content\/uploads\/2024\/03\/mceclip6.png 670w, https:\/\/www.eloun.cz\/wp-content\/uploads\/2024\/03\/mceclip6-300x206.png 300w\" sizes=\"(max-width: 670px) 100vw, 670px\" \/><\/div><\/div><\/div><br \/>\n<section  class='av_textblock_section av-lu73s6eb-8952967d09da3e47da47e1b238bd46c9 '   itemscope=\"itemscope\" itemtype=\"https:\/\/schema.org\/CreativeWork\" ><div class='avia_textblock'  itemprop=\"text\" ><p>Vypl\u0148te v\u0161echna pole a vyberte v\u00fdchoz\u00ed subjekt, ke kter\u00e9mu chcete u\u017eivatele p\u0159i\u0159adit.<\/p>\n<p><strong>Jm\u00e9no<\/strong> &#8211; k\u0159estn\u00ed jm\u00e9no u\u017eivatele.<\/p>\n<p><strong>P\u0159\u00edjmen\u00ed<\/strong> &#8211; p\u0159\u00edjmen\u00ed u\u017eivatele.<\/p>\n<p><strong>Email<\/strong> &#8211; emailov\u00e1 adresa u\u017eivatele. Na tuto emailovou adresu bude u\u017eivateli syst\u00e9mem posl\u00e1na pozv\u00e1nka do syst\u00e9mu. Tuto emailovou adresu u\u017eivatel pou\u017eije v pr\u016fb\u011bhu autorizace v mobiln\u00ed aplikaci. Z t\u011bchto d\u016fvod\u016f, pros\u00edme, zadejte emailovou adresu spr\u00e1vn\u011b.<\/p>\n<p><strong>P\u0159i\u0159adit k subjektu<\/strong> &#8211; z nab\u00eddky vyberte subjekt, pro kter\u00fd m\u016f\u017ee tento u\u017eivatel pos\u00edlat doklady. U\u017eivatel m\u016f\u017ee pos\u00edlat doklady pro v\u00edce subjekt\u016f. Toto nastaven\u00ed se prov\u00e1d\u00ed v detailu dan\u00e9ho subjektu, kde je t\u0159eba vybrat opr\u00e1vn\u011bn\u00e9 u\u017eivatele.<\/p>\n<p>Po zkontrolov\u00e1n\u00ed v\u0161ech zadan\u00fdch hodnot ode\u0161lete pozv\u00e1nku na emailovou adresu u\u017eivatele stisknut\u00edm tla\u010d\u00edtka <strong>Odeslat pozv\u00e1nku emailem<\/strong>.<\/p>\n<p>Pokud u\u017eivateli pozv\u00e1nka emailem nep\u0159i\u0161la, je t\u0159eba zkontrolovat v emailov\u00e9m klientovi i slo\u017eky pro spam, hromadnou po\u0161tu a dal\u0161\u00ed, podobn\u00e9 slo\u017eky, kam mohl b\u00fdt email omylem za\u0159azen.<\/p>\n<\/div><\/section><br \/>\n\n<style type=\"text\/css\" data-created_by=\"avia_inline_auto\" id=\"style-css-av-lu73vhzc-080f0a680a130e8bec1a0e20e6a19763\">\n#top .av-special-heading.av-lu73vhzc-080f0a680a130e8bec1a0e20e6a19763{\npadding-bottom:10px;\n}\nbody .av-special-heading.av-lu73vhzc-080f0a680a130e8bec1a0e20e6a19763 .av-special-heading-tag .heading-char{\nfont-size:25px;\n}\n.av-special-heading.av-lu73vhzc-080f0a680a130e8bec1a0e20e6a19763 .av-subheading{\nfont-size:15px;\n}\n<\/style>\n<div  class='av-special-heading av-lu73vhzc-080f0a680a130e8bec1a0e20e6a19763 av-special-heading-h4 blockquote modern-quote  avia-builder-el-16  el_after_av_textblock  el_before_av_textblock '><h4 class='av-special-heading-tag'  itemprop=\"headline\"  >Pos\u00edl\u00e1n\u00ed doklad\u016f do syst\u00e9mu<\/h4><div class=\"special-heading-border\"><div class=\"special-heading-inner-border\"><\/div><\/div><\/div><br \/>\n<section  class='av_textblock_section av-lu73vrqe-8ae9839d27e44bb7631fe11126719bc2 '   itemscope=\"itemscope\" itemtype=\"https:\/\/schema.org\/CreativeWork\" ><div class='avia_textblock'  itemprop=\"text\" ><p>Ka\u017ed\u00fd u\u017eivatel m\u00e1 mo\u017enost vkl\u00e1dat doklady pro subjekt bu\u010f pomoc\u00ed <a href=\"https:\/\/www.eloun.cz\/?page_id=1206\">mobiln\u00ed aplikace<\/a> nebo p\u0159eposl\u00e1n\u00edm emailu na jemu p\u0159id\u011blenou adresu aplikace <strong>Prost\u0159edn\u00ed\u010dek<\/strong>. P\u0159e\u010dt\u011bte si \u010dl\u00e1nek o tom, jak snadn\u00e9 je s Docare <a href=\"https:\/\/www.eloun.cz\/?page_id=1163\">p\u0159ed\u00e1v\u00e1n\u00ed \u00fa\u010detn\u00edch doklad\u016f emailem<\/a>.<\/p>\n<p>Registraci \u00da\u010detn\u00ed i Odes\u00edlatele m\u00e1te za sebou. Nyn\u00ed se poj\u010fme pod\u00edvat na to, <a href=\"https:\/\/www.eloun.cz\/?page_id=1206\">jak se pracuje s mobiln\u00ed aplikac\u00ed<\/a>.<\/p>\n<\/div><\/section><\/p><\/div>\n","protected":false},"excerpt":{"rendered":"","protected":false},"author":1,"featured_media":0,"parent":0,"menu_order":0,"comment_status":"closed","ping_status":"closed","template":"","meta":{"footnotes":""},"class_list":["post-1202","page","type-page","status-publish","hentry"],"_links":{"self":[{"href":"https:\/\/www.eloun.cz\/index.php?rest_route=\/wp\/v2\/pages\/1202","targetHints":{"allow":["GET"]}}],"collection":[{"href":"https:\/\/www.eloun.cz\/index.php?rest_route=\/wp\/v2\/pages"}],"about":[{"href":"https:\/\/www.eloun.cz\/index.php?rest_route=\/wp\/v2\/types\/page"}],"author":[{"embeddable":true,"href":"https:\/\/www.eloun.cz\/index.php?rest_route=\/wp\/v2\/users\/1"}],"replies":[{"embeddable":true,"href":"https:\/\/www.eloun.cz\/index.php?rest_route=%2Fwp%2Fv2%2Fcomments&post=1202"}],"version-history":[{"count":7,"href":"https:\/\/www.eloun.cz\/index.php?rest_route=\/wp\/v2\/pages\/1202\/revisions"}],"predecessor-version":[{"id":1292,"href":"https:\/\/www.eloun.cz\/index.php?rest_route=\/wp\/v2\/pages\/1202\/revisions\/1292"}],"wp:attachment":[{"href":"https:\/\/www.eloun.cz\/index.php?rest_route=%2Fwp%2Fv2%2Fmedia&parent=1202"}],"curies":[{"name":"wp","href":"https:\/\/api.w.org\/{rel}","templated":true}]}}